4*r = 2565, 3*r + 2*r = -3*x + 1576. Is x prime?
False
Suppose j = -j + 4*q + 39968, 0 = -2*j + 2*q + 39972. Suppose 12*s + j = 16*s. Is s composite?
True
Let x be 37666/14 + (-10 - (-1036)/98). Let s = 1602 + 2912. Let o = s - x. Is o a composite number?
False
Suppose -3*m + 5*c = -8*m + 48305, -5*m + 48297 = -3*c. Let u = m + -6773. Is u composite?
False
Let k(m) = m**2 + 16*m + 50. Let t be k(-12). Suppose -t*a - 48 = -722. Is a a composite number?
False
Let c(j) = j**3 + j**2 - j + 7. Suppose -3*p - 7*g + 3*g + 24 = 0, -4*p + 4*g + 60 = 0. Is c(p) composite?
False
Suppose 0 = 3*k + 5*k - 43*k. Suppose 5*n - 14170 = 5*f, -4*n - 4*f - 4323 + 15651 = k. Is n a composite number?
False
Is 8871850/3 - ((-660)/(-9))/(-44) a prime number?
False
Let g(a) = 3*a - 16. Let z be g(12). Suppose -8*t + 4*t = z. Is 25 + 4 + -3 + t composite?
True
Let g be 26520/27 + (-8)/36. Let d = g + -1940. Let p = -563 - d. Is p prime?
False
Let i(r) = -3*r**3 + 274*r**2 - 122*r + 56. Is i(89) a prime number?
False
Let u(d) = -d + 12. Let b be u(5). Suppose -2*a = 5*c - 7, b = -4*a - 9. Is (12492/27)/((-4)/(-6)) - c a prime number?
True
Suppose -2*v = 6*v - 200. Let u be 12/15 - 1070/v. Let f = 119 + u. Is f a prime number?
False
Let g = -3696 + 6460. Let v = g + -1435. Is v a composite number?
True
Let k = 87 + -86. Let p be -1 - 0 - ((3 - 6) + k). Is 893/p - (-32)/(-8) a prime number?
False
Suppose 4*a - 9*a = 5*s + 40, 0 = -4*s - 16. Is 268*23 - (a - -5) composite?
False
Suppose -118 - 304 = -u. Suppose -1124 = -3*s - u. Let r = s + 17. Is r composite?
False
Let b(w) = -1717*w - 1587. Is b(-28) composite?
False
Let r be (-16)/104 + (-466)/13. Let c = r - -21. Is (-16000)/c - 1/(-3) a prime number?
False
Suppose -3*d - v - 36 = 2*d, -3*d - 4*v = 25. Let c be (2 + d)*((-12564)/(-15))/(-4). Let j = 350 + c. Is j a composite number?
True
Let a(r) = 21*r - 38. Let j be a(2). Let f(w) = 77*w**3 + 5*w**2 - 7*w - 11. Is f(j) a prime number?
True
Let r = 30 + -36. Let c be 4/12 - (-2)/r. Is (-2 - (c - 0)) + 363 a prime number?
False
Let x be (-5)/20*4*0. Let g(c) = 2*c**2 + 8*c + 161. Is g(x) a composite number?
True
Let g(m) = -m**3 - 2*m**2 + 2. Let s be g(0). Let b(v) = -4*v + 8. Let w be b(s). Suppose y - q - 884 = w, 6*q = y + 2*q - 875. Is y a composite number?
False
Let u(h) = 568*h - 36. Let g(w) = -569*w + 36. Let n(x) = -3*g(x) - 4*u(x). Let r be n(-5). Let q = r + -1800. Is q composite?
False
Let w = 150666 + -106915. Is w prime?
False
Suppose -123 + 126 = -3*y. Is 10/(-10)*(y - 4390) composite?
False
Suppose -2*u + 5*u = -1119. Suppose b - 5*b - x = -4189, 3*x = 3*b - 3123. Let j = b + u. Is j composite?
False
Let i = -828 - -1667. Let y = -546 + i. Is y a prime number?
True
Let k be 10 - 2592/45 - (-4)/(-10). Let m = k - -341. Is m composite?
False
Let q be ((-3)/6)/((-2)/(-4))*22. Let s be q/(1 - (-3)/(-1)). Suppose 0 = 2*j - 639 + s. Is j prime?
False
Let j = -64 - -66. Suppose f + f = -t - 9, -24 = 5*f + j*t. Is 1*f/(-4)*118 prime?
False
Let z(x) = -7 - 8 - 18 + 858*x + 8. Is z(4) a composite number?
False
Let r be 240 - ((-6)/(-4) + 16/(-32)). Is (r/2 - 3)/(4/40) prime?
False
Let o be (2555 - 1)/((-114)/(-1539)). Suppose 41*d = 38*d - 3*i + 51708, -2*d + o = -5*i. Is d a prime number?
False
Suppose 2*k = 6, 3*z + 1 = -2*k + 16. Suppose 94 = -z*u + 1105. Is u a prime number?
True
Suppose -14916 + 2889 = -19*b. Let w be (6 + -1)*(1 - 0). Suppose 0 = -w*n - b + 2168. Is n a prime number?
True
Let k = -78100 + 109974. Is k a prime number?
False
Suppose -72*k = -70*k - 5*m - 467743, -5*k = 3*m - 1169404. Is k a prime number?
True
Let i be 8/(-24)*21 - -101. Is (47/i)/(2/1948) composite?
False
Let z = -5456 - -787. Let s(r) = 11*r**3 + 2*r**2 + r + 6. Let n be s(-9). Let o = z - n. Is o composite?
False
Suppose 312*w - 6312812 = 19117996. Is w a composite number?
False
Suppose 4*v - v = 13*v - 764770. Is v a composite number?
True
Let y(b) = b**2 - 12*b + 59. Let r be y(-34). Suppose -z - 3*i = -r - 1763, 10166 = 3*z + i. Is z composite?
False
Let h = 652 + -643. Is h/(-6)*(-9 + 31362/(-18)) composite?
True
Suppose 38*f + 37218076 = 64737593 + 77694617. Is f prime?
False
Suppose 251*u - 81898543 = -408*u. Is u prime?
True
Let i(p) be the first derivative of -p**3/3 - 7*p**2 - 42*p + 3. Let z be i(-10). Is (-2)/((-6)/3771) - 4/z prime?
True
Suppose 8*z + 9*z - 51 = 0. Suppose 12979 = -z*w + 6*w + 4*i, -16 = -4*i. Is w a prime number?
False
Let o(d) = 18*d**2 - 10. Let g be o(6). Suppose -2*w - w = y + 131, -5*y + 2*w - g = 0. Let v = y + 435. Is v composite?
False
Let k = -2837518 + 4679747. Is k composite?
False
Is (-3853628)/(-16) + 495/220 a prime number?
False
Let n = 4071539 + -2172562. Is n a composite number?
False
Suppose -4*q + 5*q - 5*s + 74 = 0, 4*q + 3*s = -273. Let v = 323 + q. Is v a prime number?
False
Let w = -33939 - -20245. Is 2 - (w/(-6))/(17/(-153)) composite?
False
Suppose 84*j = -43*j + 507814150 + 316031421. Is j prime?
True
Suppose 4*j + 3*u + 92 = 0, -5*u = j + 3 + 3. Is (-4)/j + (-38004)/(-52) a prime number?
False
Let j be (-43 - 5)*641/(-4). Is ((-6)/12)/((-6)/j) a prime number?
True
Let v = -500 - -503. Suppose 0 = -v*z + 13*r - 10*r + 16302, 0 = 4*r - 4. Is z a composite number?
True
Let j(g) = 665*g**2 - 13*g - 25. Is j(13) a composite number?
True
Let k(w) = -9*w**2 + 14*w + 4. Let o be k(3). Is (-2)/(-10) + (-7028)/o a prime number?
False
Let q be -4*1*((-78)/(-24) - 4). Suppose 4*j + 10*b = 9*b + 16784, -q*j - 3*b + 12597 = 0. Is j a prime number?
False
Suppose 17869 = m + 2*f, -38*f = -2*m - 41*f + 35735. Is m a prime number?
True
Let f = 1916205 - 1021814. Is f a prime number?
True
Let c(x) = -80*x - 45. Let u(k) = -160*k - 92. Let l(f) = 5*c(f) - 2*u(f). Is l(-18) a prime number?
True
Let x = -4445 - -2672. Suppose -2*d = -2*c - 1136, 0 = 5*c - 3*d + 7*d + 2876. Let g = c - x. Is g prime?
True
Let a(g) be the second derivative of 0 + 32*g + 19/2*g**2 + 341/6*g**3. Is a(3) prime?
False
Suppose 27961 = -2*q - 5*a + 151528, -3*q = -2*a - 185341. Is q a prime number?
True
Suppose -19768 - 19848 = -4*c. Suppose -r = -4*y - 2*r + c, -4*r - 2493 = -y. Is y composite?
False
Let p = 203187 - 132894. Is p a prime number?
False
Suppose 235*p - 26 = 222*p. Suppose 7*c + 4*f = p*c + 43335, -10 = -2*f. Is c a prime number?
True
Suppose -19*r + 11836 + 439167 = 0. Is r composite?
True
Suppose 1171944 = 3*t - g, 0 = 3*t - 4*g - 861962 - 309991. Is t a composite number?
False
Suppose -39921167 = -305*a - 13058902. Is a prime?
False
Let x(q) = -5*q**3 - 39*q**2 + 34*q + 46. Let u(c) = -2*c**3 - 20*c**2 + 17*c + 23. Let b(p) = -7*u(p) + 3*x(p). Suppose -48*i = -54*i + 108. Is b(i) prime?
True
Let m(t) = -t**2 + 6*t - 45. Let j be m(0). Let g = j + 48. Suppose 2*r - 2 = g*r, 993 = a - r. Is a a composite number?
False
Let x = 137 + -270. Let p be (-20)/(-10) + -1 + x + -2. Let d = p - -253. Is d a prime number?
False
Let j = -3691 + 1278. Let r = 4260 + j. Is r prime?
True
Let g be -4 + (-8)/(-8) + (8 - 0). Suppose 4*z - g*t - 36672 = 0, 47*t = 3*z + 45*t - 27511. Is z a composite number?
False
Let i(g) = -g**3 - 5*g**2 + 21*g + 21. Let q be i(-8). Is (q/10 - 4)*2302 a prime number?
True
Let x(z) be the second derivative of -86*z**5/5 + z**4/6 - z**3/6 - z**2/2 + 2*z + 96. Is x(-4) composite?
False
Let k(l) = -445*l + 57. Let x(q) = 888*q - 113. Let g(b) = 11*k(b) + 6*x(b). Is g(10) composite?
True
Suppose -28104 = 5*f - 13*f. Suppose 4534 = 5*g + 3*n, -2*g - 5*n + 1895 = 89. Let j = f - g. Is j a composite number?
True
Is ((-2023078)/(-6))/(13/39) composite?
False
Let v(d) = 1729*d + 3398. Is v(60) a composite number?
True
Let p = 16930 + -9603. Is p a composite number?
True
Let d(j) = 2244*j + 7006. Is d(42) composite?
True
Suppose -4*o = -5*o - 5509. Let g be (2 - -4)*o/(-21). Let q = 2229 - g. Is q composite?
True
Is (-585)/260 - (36804126/(-8))/3 prime?
True
Suppose 14 = -4*i - 58. Let u = i - -21. Suppose 2*c = -n + 7277, u*c + 33975 = 4*n + 4889. Is n composite?
True
Let c be 18*48/(3 + (-8)/3). Suppose 10*z - 2818 = c. Is z a prime number?
True
Let n(s) = -10*s**3 + 5*s**2 - 9*s - 13. Let y(b) = -5*b**3 + 2*b**2 - 5*b - 7. Let r(q) = 4*n(q) - 7*y(q). Let h be r(-5). Is (2/(-3))/(((-70)/h)/5) prime?
True
Let p(s) = 827*s**2 + 117*s - 1